/g*(27 - v)?
3
Let q(g) be the third derivative of -g**5/60 - g**4/6 + g**3/2 - 2*g**2. List the prime factors of q(-3).
2, 3
Let g = -39 + 73. List the prime factors of g.
2, 17
Let f be 2/2 + (-8)/(-4). Let o = 43 + -22. Suppose -f*n - 9 = -o. What are the prime factors of n?
2
Let k(v) = -v**3 + 5*v**2 - v + 7. Let x = 7 + -2. Let b be k(x). Suppose -4*w + 4*c + 28 = 0, 5*w - 19 = b*c + 16. What are the prime factors of w?
7
Let b be 1*(-3)/15*-5. Let k be 0 + (1 - b) - -10. Suppose -2*n + n + 25 = 4*q, 2*n + k = 2*q. List the prime factors of q.
2, 3
Let u = 77 - 44. What are the prime factors of u?
3, 11
Suppose -13*k = -5538 + 962. List the prime factors of k.
2, 11
List the prime factors of (-54)/((-21)/6 - -3).
2, 3
Suppose -h - 4*w = -83, -5*h - 2*w + w = -472. What are the prime factors of h?
5, 19
Let z(b) = b + 18. Let i = -32 + 23. What are the prime factors of z(i)?
3
Let y(s) = -s**3 + 11*s**2 - 4*s - 2. List the prime factors of y(10).
2, 29
What are the prime factors of (2 - (-30)/(-25))*35?
2, 7
Let m be 12/(-5) + (-6)/(-15). Let q(b) = b**3 + 3*b**2 - 2. Let f be q(m). Suppose j = -n - f*n + 33, -3*n + 33 = 3*j. What are the prime factors of n?
11
Let c = 9 - 7. Let d(m) = c*m**2 + 24 - 8 - 4*m**2 + m**2. What are the prime factors of d(0)?
2
Let x(s) = -4*s**2 - 4*s + 8. Let c be x(6). List the prime factors of (c/(-6))/5*3.
2
Let r(d) = d**3 - 4*d**2 + d + 5. Let q be r(5). Suppose -3*x - q = -4*x. What are the prime factors of x?
5, 7
Suppose -5*o = -k - 21, k - 10 + 27 = 4*o. Suppose 3*m - 109 = 3*u + 2, 5*m + o*u - 212 = 0. What are the prime factors of m?
2, 5
Let y = 1 - -1. Let g = 0 + y. List the prime factors of g.
2
Let w be (-106)/8 + (-2)/(-8). Let k(q) = 8*q - 4. Let c be k(3). Let v = c + w. What are the prime factors of v?
7
Suppose 4*s + s = 35. Suppose -4*n - 69 = -s*n. List the prime factors of n.
23
Let l(g) = 3*g**2 - 2*g - 1. Let n be l(-3). Suppose 3*p + 5*i = -n, 3*i = 3*p - i - 4. What are the prime factors of p/(-8) + 3/2?
2
Suppose 4*y - 2*t - 562 = 0, 174 = 2*y - 2*t - 106. What are the prime factors of y?
3, 47
Suppose 15 = 3*d, 3*d - 35 = -5*j + 580. Suppose 0*i = 5*i - j. Let c = -12 + i. List the prime factors of c.
2, 3
Let b(z) = 7*z**2 + 8. List the prime factors of b(-4).
2, 3, 5
Suppose -3 = 5*d - 68. List the prime factors of (-6)/(-39) + 349/d.
3
List the prime factors of ((-8)/4)/(-2) - -50.
3, 17
Let h(n) = 3*n**2 + 2*n - 2. Let w be h(3). Suppose -3*o + 36 = 5*p - 17, -3*o + 2*p + 25 = 0. List the prime factors of w/o + 4/22.
3
Let h = 14 - -23. What are the prime factors of h?
37
Let k = -97 + 156. What are the prime factors of k?
59
Let s = 37 + -9. Let b = -15 + s. List the prime factors of b.
13
Let t(g) = 3*g + 1. Let k be t(-3). What are the prime factors of 1/((k/(-14))/4)?
7
Let x = 16 + -2. List the prime factors of x.
2, 7
Let x(q) = -7*q**2 + q - 7. Let l(t) = -10*t**2 + 2*t - 10. Let m(v) = -5*l(v) + 7*x(v). List the prime factors of m(5).
11
Let u be ((-6)/6)/((-2)/(-10)). Let h(i) = -9*i**2 - 12*i + 9. Let x(q) = -4*q**2 - 6*q + 4. Let z(s) = -3*h(s) + 7*x(s). What are the prime factors of z(u)?
2, 3
Let v = 144 - 82. What are the prime factors of v?
2, 31
Suppose -10*v + 7*v + 627 = 0. What are the prime factors of v?
11, 19
Suppose 5*i + 53 - 12 = -3*x, 1 = -3*x + 5*i. Let f = 32 + x. What are the prime factors of f?
5
Suppose 151 = -2*x + 641. List the prime factors of x.
5, 7
Suppose -4*s - n + 31 = 0, -3*s + 5*s = -4*n + 12. What are the prime factors of s + (1 - (3 + -4))?
2, 5
Suppose -9*r + 84 = -2*r. What are the prime factors of r?
2, 3
Let z(g) = -g. Let m(w) = -w**2 + 8*w - 2. Let j(y) = m(y) - z(y). List the prime factors of j(5).
2, 3
List the prime factors of (-32)/48 + 370/6.
61
Let n be (3/(-9))/((-1)/15). Let a = 7 - n. What are the prime factors of a?
2
List the prime factors of 366*(5/2)/5.
3, 61
Let t(h) = -h**3 + 6*h**2 - 4*h - 1. Let f = 10 + -5. Suppose 4*a - 2*v - 18 = 0, 2*a = f*a + 5*v - 20. List the prime factors of t(a).
2
List the prime factors of ((-562)/(-4)*-1)/((-41)/82).
281
Suppose 0 = 4*z - 4*y + 28, 0*z + z + 5*y = 11. Let n = z + 6. Suppose -n*r = -r + 4*h - 31, -2*r - 4*h = -54. What are the prime factors of r?
23
Let v(a) = -a**3 - 4*a**2 + 7*a + 4. Let n be v(-6). Let g = n + -23. What are the prime factors of g?
11
Suppose 0 = -5*u - m + 297 + 16, 4*m = -8. What are the prime factors of u?
3, 7
Suppose -7 = 5*x - 2. Let l(r) = r**3 + 9*r**2 + 9*r - 6. Let p be l(-8). Let h = x - p. What are the prime factors of h?
13
Let d be (-72)/(-42) + (-4)/(-14). Let a be ((-4)/(-4))/(d/54). Suppose 4*x + 5*r = 6 + a, -26 = -4*x + 2*r. What are the prime factors of x?
7
Suppose 2*r - 2 - 4 = 0. What are the prime factors of ((-2)/r)/(1/(-9))?
2, 3
Suppose -3*f + 5*x = -7, 5*f - 13 = -x + 8. Suppose f*t = 5*t - 12. What are the prime factors of t?
2, 3
Let i = 0 + 2. Suppose i*c - 6 = 32. List the prime factors of c.
19
Let g(i) = -i**2 - 2*i**3 - 2*i**2 - 2*i**2 - 2 - 3*i. Let r be g(-3). Suppose -2*f = -0*f - r. List the prime factors of f.
2
Let h(r) = -r**3 - 5*r**2 + 5*r - 4. Suppose 5*f - 13 = -3*n - 6, 0 = -2*n + f - 17. Let q be h(n). Let i = 6 - q. What are the prime factors of i?
2
Suppose -5*c - z - 15 = -110, 5*c - 95 = 2*z. Suppose -3 = i - 2*g - 13, -g - c = -4*i. List the prime factors of i.
2
Suppose 5*g + 417 = -0*l + 3*l, -2*g = -5*l + 695. List the prime factors of l.
139
Let x(z) = 17*z - 4. Let v be x(3). Suppose -3*w = 3*a - 12 - 15, 3*w - 2*a = v. List the prime factors of w.
13
Let i be (-120)/(-25) + 1/5. Suppose -i*l = -n - 9 + 62, 10 = -2*l. What are the prime factors of n?
2, 7
Let f(m) = m**2 + 4*m. Let i be 42/(-10) - 2/(-10). Let t be f(i). Suppose -2*o + 41 = 5*x, -2*o + t = -5*x + 9. What are the prime factors of o?
2
Let q(j) = 3*j + 1. Let i(m) = m**3 - m**2 + 1. Let d be i(1). Let p be q(d). Suppose 3*u = 4*u - p. List the prime factors of u.
2
Let d = 3 + -4. Let k be 2 + d - 3 - -2. Let a(h) = h + 15. What are the prime factors of a(k)?
3, 5
Let x(b) = b**3 - 7*b**2 + 12*b + 2. What are the prime factors of x(6)?
2, 19
Let k(o) = o**3 + 3*o**2 - 3. Let t be k(3). What are the prime factors of (-2)/(3/(t/(-2)))?
17
Suppose 2*n + 0*x - x = -7, -5*n - 4*x = 37. Let b be (-1)/(-4 + 7 + -4). Let d = b - n. What are the prime factors of d?
2, 3
Let x = 11 - 8. Suppose 0 = -x*r - d + 37, r = -3*d - 3 + 26. List the prime factors of r.
11
Suppose 0 = 3*w - 18 + 3. Suppose -5*t + 12 = 2*m - 22, -120 = -5*m + w*t. What are the prime factors of m?
2, 11
Suppose -81 - 6 = -3*y. Suppose -j = 2 + 7. Let o = j + y. List the prime factors of o.
2, 5
Let o(m) be the third derivative of 0*m + 23/24*m**4 + 0 + 1/6*m**3 - 4*m**2. What are the prime factors of o(1)?
2, 3
Let m = 499 - 325. What are the prime factors of m?
2, 3, 29
Let u(p) = 2*p**3 - 3*p**2 + 2*p - 1. Let a be u(2). Let b = a - 8. List the prime factors of b/((-2)/(-6)) - -12.
3
Let g(r) = -r**3 - 9*r**2 + 12. Let h = 11 + -20. List the prime factors of g(h).
2, 3
Let s(m) = -m**3 + m**2 + 2. Let j be s(2). Let b be ((-1)/j)/((-2)/8). Let t = b - -5. List the prime factors of t.
3
Suppose -4*v - 145 = -5*c, c - 33 = v + 3*c. Let t = -117 - -167. Let x = v + t. List the prime factors of x.
3, 5
Suppose y + 13 = m, 3*m = 3*y + y + 36. Let t(s) = -s**3 + 7*s**2 - 6*s + 4. Let w be t(6). Suppose 0*u = w*u - m. What are the prime factors of u?
2
Suppose k = -1 + 2. What are the prime factors of ((-17)/3)/(k/(-3))?
17
Let d be 2 + 0 - (-36)/(-3). Let p(o) = o**3 + 10*o**2 + 3. Let u be p(d). Suppose -u*m + 34 = 10. What are the prime factors of m?
2
Let g(s) be the second derivative of 3/2*s**2 - 1/20*s**5 + s + 1/3*s**4 + 0*s**3 + 0. What are the prime factors of g(3)?
2, 3
Suppose v + 4*h - 26 = -0*h, 4*h + 154 = 5*v. Suppose v = 5*i - 2*t - 4, -52 = -5*i - 4*t. Suppose -d + 2 = -i. List the prime factors of d.
2, 5
Let m be -5*(2 - 26/10). Suppose 2*i + 2*h = m*h + 8, 2*i + 4 = -2*h. Suppose -f + 2*g + 3 = 0, 0 = -i*f - 2*f - 4*g + 12. List the prime factors of f.
3
List the prime factors of (1/((-1)/(-1)))/((-2)/(-246)).
3, 41
Let b(o) = 3 - 2 - o - o**2 + 1. Let r be b(0). Suppose -2*d + q = d - 11, -r*d + 2 = -2*q. List the prime factors of d.
5
Suppos